+ 45 = 23*w. Suppose -4*u = -w*u + 200. What is the units digit of u?
0
Let i(n) = n**2 + 4*n + 6. Let j be i(-2). Suppose r + 8 = j*f, 1 = -5*r - f + 16. What is the tens digit of 81/r*(-4)/(-6)?
2
Suppose 9*o - 216 = -81. What is the units digit of o?
5
What is the units digit of (3/(-2))/(-12*8/153088)?
2
Let i = -81 + 84. Suppose 150 = i*n - 3*b, -b = 5*n - 0*b - 256. What is the tens digit of n?
5
What is the hundreds digit of 3/2*((-2540)/(-30) + 0)?
1
Let n(i) = i**2 + 26*i + 113. What is the tens digit of n(-25)?
8
Let w(p) = p**3 + 8*p**2 - 11*p - 9. Suppose -17 = -3*n - 92. Let u = n + 16. What is the units digit of w(u)?
9
Let f = -11 - -19. Suppose -2*w = 2*j - f, -w - w + 3*j = -33. Suppose -w - 3 = -3*m. What is the units digit of m?
4
Suppose -3*z - 3*x + 291 = x, -z + 3*x = -97. Let i = z - 64. What is the units digit of i?
3
Suppose -2*c = -4*c - 36. Let b = c + 27. Suppose -b = -l + 8. What is the tens digit of l?
1
Suppose -6*b + 4*b - 2 = 0. What is the units digit of b + 1 + (0 - -73)?
3
Let d = 111 - 111. Suppose -x + 2 = -43. Suppose 2*u - 7*u + x = d. What is the units digit of u?
9
Let x = 1932 + -807. What is the thousands digit of x?
1
Suppose -4*n + 20 = 0, -2 = -3*g - 4*n + 18. Suppose 2*y - 1 - 5 = g. Suppose 77 = y*x + 5. What is the tens digit of x?
2
Suppose 5*w + 2447 = 6452. What is the hundreds digit of w?
8
Suppose -2*p + 7 = 5*f + 1, 4*f + p = 3. Let s be 3 + 7 + -2 + f. Suppose -35 = -x + s. What is the units digit of x?
3
Let d = -2 - -6. Suppose -r + 64 = 5*z, r + d*z - 32 - 37 = 0. What is the units digit of r?
9
Suppose -305 + 1373 = 6*l. Suppose 0*f - h = 3*f - l, 3*f - h = 182. What is the tens digit of f?
6
Suppose 3*d + 4*r = 762, 1270 = 6*d - d - 2*r. What is the tens digit of d?
5
Let a = -584 + 996. What is the hundreds digit of a?
4
Suppose 5*r - s - 1782 = 0, 0 = 2*r - 0*r - 2*s - 708. What is the units digit of r?
7
Let i be 10*2/2 + -2. Suppose -178 = -i*y + 150. What is the units digit of y?
1
Let b = -262 - -507. Let n = b - -57. What is the tens digit of n?
0
Suppose 5*d - 3*d = 4*j + 944, 3*j = -4*d + 1888. What is the hundreds digit of d?
4
Let b = 115 + -111. What is the tens digit of (189/b)/(-6 + (-175)/(-28))?
8
What is the hundreds digit of 407/44*(20 + (-12)/(-3))?
2
Suppose -3*p + c = -11, -4*p - 4*c + 7 + 29 = 0. Suppose 5*n - 5 = m, -4*n + 1 = -3*n + p*m. What is the units digit of n?
1
Suppose -3*o - s = 12, -5*o - 46 = -5*s - 6. What is the tens digit of (o + 71)/((-2)/(-4) + 1)?
4
What is the tens digit of (-134)/4*(-43)/(688/1056)?
1
Let v be -3*(-31)/9*3. Suppose 167 = -v*j + 32*j. What is the units digit of j?
7
Let y(u) = 268*u**3 - 2*u**2 - 10*u + 27. What is the hundreds digit of y(2)?
1
Let v be (-166)/(-7) + 10/35. Suppose 250 = 2*r + 2*k + v, 0 = -2*r - k + 221. Suppose -y + 4*j + 15 = -0*y, 4*y - r = 4*j. What is the tens digit of y?
3
Suppose 2*w - y = 524, -793 = -3*w - 4*y + 2*y. Suppose 5*n - w = 12. Let k = -38 + n. What is the units digit of k?
7
Suppose 463 + 356 = 9*d. What is the tens digit of d?
9
Suppose 0*q = 3*q. Let m(y) = 4*y - 53. Let i be m(14). Suppose q = 5*b - i*s - 195, -b - 4*s = -3*b + 64. What is the tens digit of b?
4
Let a(g) = -g + 3. Let n be 5 + 20/(5 - 7). What is the units digit of a(n)?
8
Let f be 10*(-12)/(-32)*(-256)/(-12). What is the hundreds digit of (1 + (0 - 229))*(-60)/f?
1
Let a = -2744 - -4089. What is the tens digit of a?
4
Suppose 3*v + 122 - 19 = -2*h, 140 = -4*v - 4*h. Let x = 37 + v. What is the units digit of x?
4
Let d be -3*(4 - ((-51)/(-9) - 0)). Suppose -2*y - d + 183 = 0. What is the units digit of y?
9
Let g be ((-256)/80)/(1/70). Let a = -157 - g. What is the tens digit of a?
6
Let z(x) = -6*x**2 + 6 - 3*x**2 + 9*x**2 + 2*x + x**2. Let k(u) = 4*u**2 + 6*u + 19. Let o(m) = 2*k(m) - 7*z(m). What is the tens digit of o(-3)?
1
Let h(n) be the third derivative of 5*n**4/24 + 29*n**3/6 - 15*n**2. What is the tens digit of h(10)?
7
Let d(p) be the second derivative of 7*p**4/6 + p**3/3 + 3*p**2/2 + 7*p. What is the units digit of d(-2)?
5
Suppose -4*o = p - 118, -6*o + 5*o - 653 = -5*p. What is the hundreds digit of p?
1
Let a(r) = 7*r + 0*r + 597*r**3 - 6 - 590*r**3 - 10*r**2. What is the tens digit of a(4)?
1
Suppose -4*l + 9 = -7. Suppose -z - l*g = -23, 2*g + 159 = 5*z - 0*g. What is the tens digit of z?
3
What is the hundreds digit of 268 - ((-5)/(-10) - (-27)/(-6))?
2
Suppose -12*t - 3 = -9*t, 4*t = 5*m - 14. Suppose 5*s = -2*q + 405, -9 = -s - m*s. What is the tens digit of q?
9
Suppose 7*o - 3*z = 4*o + 12, 2*z + 8 = 0. Suppose 2*w - 13*h - 228 = -14*h, o = -w - h + 112. What is the hundreds digit of w?
1
Let d(x) = 8*x**3 - 3*x**2 + 3*x - 1. Let j be d(2). Let z = j + 30. Suppose -7 + z = 4*w. What is the units digit of w?
0
What is the tens digit of (-1 - -4) + 9/((-9)/(-316))?
1
Suppose -4*y + 738 + 3582 = 0. What is the hundreds digit of y?
0
Let j = 35 + 72. Let v = j + -70. Suppose 5*z + 5 = h, 0 = 4*h - z - 59 - v. What is the units digit of h?
5
Let r(c) = -c**2 + 26*c + 61. What is the tens digit of r(22)?
4
Suppose 27*c - 17354 = 1627. What is the units digit of c?
3
Let q(h) be the first derivative of -5*h**2 + 17*h + 1. What is the tens digit of q(-9)?
0
Let q(x) = -150 + 7*x + x + 171. What is the units digit of q(6)?
9
Suppose -7*o + 19*o - 6864 = 0. What is the hundreds digit of o?
5
Let f be ((-4)/10)/((-4)/(-20)). Let b be -2 + (1 - 1 - -1). What is the units digit of b + 0 + 25 - f?
6
Let u = 1972 + 705. What is the hundreds digit of u?
6
Suppose 0*o + 3*b = 2*o - 2780, 5580 = 4*o + 4*b. What is the thousands digit of o?
1
Let b(a) = 3*a. Let x be b(3). Let y = x + 103. What is the tens digit of y?
1
Let j(t) be the third derivative of t**5/60 - 3*t**4/8 - 7*t**3/6 - 12*t**2. What is the tens digit of j(13)?
4
Suppose 0 = -4*o + 5*g - 1103, 3*o = 2*o + g - 276. Let s = -197 - o. What is the units digit of s?
0
Let f = -19 - -68. Let w = 105 - f. What is the tens digit of w?
5
Suppose -166 = -5*y - 3*d + 699, -3*d = 3*y - 525. Let o = 1 + -1. Suppose o = 7*g - 2*g - y. What is the units digit of g?
4
Suppose 0 = -6*u + 1021 + 1097. What is the hundreds digit of u?
3
Let c = 210 - -227. What is the tens digit of c?
3
Let f be 173/2*(0 - 4). Suppose 16 = 3*j + 2*n, 0 = -4*n + 6 + 14. What is the units digit of f/(-14) + j/7?
5
Let l(n) = -n**2 - n + 6. Let g be l(4). Let w(m) = -2*m + 13. What is the tens digit of w(g)?
4
Let t = 1 - 57. Suppose -3*d - 19 = -2*d + 5*f, -4*d = f + 95. Let a = d - t. What is the units digit of a?
2
Let c(p) = -114*p - 204. What is the tens digit of c(-25)?
4
Let r = -8 + 524. What is the units digit of r?
6
Let z = 70 - 45. What is the tens digit of (96/(-30))/(0 + (-2)/z)?
4
Let f = -37 - -40. Suppose f*h = 239 + 25. What is the units digit of h?
8
Let l be (-2)/(-3) - 22/33. Let x = l + 230. What is the tens digit of x?
3
Let o(c) = 4*c**2 + c - 5. Let p be o(5). Suppose -r + p = 4*r. What is the units digit of r?
0
What is the units digit of (12/114)/1 - (-11164)/76?
7
Let u be ((-4)/6)/(1/(-3)). Let y(b) be the first derivative of 13*b**2 - 4*b - 3. What is the tens digit of y(u)?
4
Let w(g) = -2*g + 16. Let c be w(-7). Suppose 0 = 5*a - 3*a - c. What is the tens digit of a?
1
Suppose -2*w + 0*i = -4*i - 6, -4*w - 4*i = -12. Suppose 2*g + 3*a - a - 274 = 0, -w*g + 5*a = -443. What is the tens digit of g?
4
What is the hundreds digit of (-8966)/(-30) + (-128)/(-960)?
2
Suppose -n = -2*m + 12, 20 = -3*n + n + 3*m. Let c be -2 - n - 3 - -4. Let z = c + 5. What is the units digit of z?
8
Let g(q) = 794*q**2 - 5*q - 6. What is the units digit of g(-1)?
3
Suppose 4*r - g = 5, 4*g - 16 = r - 3*r. Suppose -r*x + 20 = -24. Suppose 0 = -3*d + x + 14. What is the tens digit of d?
1
Let t be 4/(-14) - 128/(-56). Suppose 5*w + 2*u = 325, -t*w + 5*u + 130 = -0*w. What is the units digit of w?
5
Let d = -10 - -131. Suppose -d = 6*f - 613. What is the tens digit of f?
8
Let n = 1 + 8. Suppose 9*j - 6*j - n = 0. Suppose 57 = j*v + 3*m, 4*v - m = -8 + 94. What is the tens digit of v?
2
Suppose -6*u = x - u + 9, -5*x + 3*u + 67 = 0. Let p(w) = w**2 - 9*w + 12. What is the units digit of p(x)?
4
Suppose -2*h - 678 = -5*d + 1287, 3*h = d - 393. What is the units digit of d?
